culate the highest common factor of 212302 and 808.
202
Calculate the highest common factor of 8173 and 55.
11
Calculate the highest common factor of 21240 and 600.
120
What is the greatest common divisor of 28 and 276682?
14
Calculate the highest common divisor of 212989 and 21.
7
Calculate the greatest common divisor of 4 and 22639.
1
Calculate the highest common divisor of 6768 and 27792.
144
What is the highest common factor of 38760 and 1254?
114
Calculate the greatest common factor of 15 and 41735.
5
Calculate the highest common factor of 389 and 6.
1
Calculate the greatest common divisor of 414349 and 611.
13
What is the highest common divisor of 2562448 and 24?
8
Calculate the greatest common factor of 133 and 340309.
19
Calculate the greatest common factor of 16 and 1409872.
16
What is the highest common factor of 10422 and 18?
18
Calculate the greatest common factor of 571728 and 2752.
688
What is the greatest common divisor of 2689120 and 224?
224
Calculate the greatest common divisor of 105 and 2410275.
105
Calculate the highest common factor of 134649 and 81.
27
What is the greatest common factor of 96220 and 1700?
340
What is the highest common factor of 462906 and 18?
18
What is the greatest common divisor of 1417599 and 279?
279
What is the greatest common factor of 890233 and 41?
41
What is the greatest common divisor of 40895 and 15?
5
Calculate the highest common factor of 322634 and 390.
26
What is the highest common divisor of 254 and 8?
2
What is the highest common factor of 58156 and 1072?
268
What is the greatest common factor of 793 and 30826289?
793
Calculate the greatest common divisor of 322 and 7623511.
161
Calculate the highest common divisor of 621804 and 12.
12
What is the highest common factor of 5312 and 95782?
166
Calculate the greatest common factor of 68310 and 1771.
253
Calculate the highest common divisor of 678 and 1838058.
678
Calculate the greatest common divisor of 5085 and 37755.
45
What is the highest common divisor of 61828 and 328?
164
What is the greatest common divisor of 42588 and 1548?
36
What is the greatest common factor of 25974 and 432?
54
Calculate the highest common factor of 920 and 51640.
40
What is the highest common divisor of 41285 and 460?
115
Calculate the highest common factor of 37004 and 3712.
116
What is the highest common factor of 215 and 2063570?
215
What is the greatest common divisor of 81 and 63261?
81
What is the highest common divisor of 358871 and 9575?
383
What is the greatest common divisor of 758700 and 150?
150
What is the greatest common divisor of 627 and 52041?
627
What is the highest common divisor of 15540 and 500?
20
What is the greatest common factor of 80680 and 8?
8
What is the greatest common factor of 178 and 3935758?
178
What is the highest common divisor of 21 and 11998?
7
What is the highest common factor of 14000 and 169200?
400
Calculate the highest common factor of 2022 and 3814166.
674
What is the greatest common divisor of 137891 and 13?
13
Calculate the highest common factor of 6756 and 21.
3
Calculate the greatest common factor of 148 and 1591.
37
Calculate the highest common divisor of 620 and 19880.
20
Calculate the highest common divisor of 460 and 577208.
92
What is the highest common factor of 968 and 94743?
121
What is the greatest common divisor of 1092881 and 443?
443
Calculate the greatest common factor of 736 and 1426.
46
Calculate the greatest common divisor of 1525 and 3233.
61
Calculate the greatest common factor of 170173 and 167.
167
What is the highest common divisor of 8016 and 1296?
48
Calculate the greatest common divisor of 86 and 19651.
43
Calculate the highest common factor of 36 and 1784142.
18
Calculate the highest common factor of 8036 and 73636.
164
Calculate the greatest common divisor of 1125 and 320.
5
What is the greatest common divisor of 27 and 417717?
27
What is the highest common factor of 38200 and 210864?
1528
What is the highest common divisor of 20400 and 3360?
240
What is the highest common factor of 40 and 82540?
20
Calculate the highest common factor of 4230380 and 1148.
1148
Calculate the greatest common divisor of 197556 and 84.
12
What is the greatest common factor of 24992 and 3872?
352
Calculate the greatest common factor of 28 and 103460.
28
Calculate the highest common divisor of 1282029 and 2583.
861
What is the greatest common divisor of 437655 and 10?
5
What is the highest common divisor of 256 and 5472?
32
Calculate the greatest common divisor of 320 and 163440.
80
Calculate the greatest common divisor of 13175 and 62.
31
Calculate the greatest common factor of 1317 and 51.
3
Calculate the greatest common factor of 1305 and 17545.
145
Calculate the highest common factor of 341 and 206863.
31
What is the greatest common divisor of 304 and 6422?
38
Calculate the highest common divisor of 18392 and 2888.
152
Calculate the highest common divisor of 59860 and 11644.
164
What is the greatest common factor of 8 and 1406696?
8
Calculate the greatest common divisor of 172 and 3774626.
86
What is the highest common factor of 292 and 13124?
4
What is the highest common factor of 3952 and 688142?
494
Calculate the highest common divisor of 15 and 394185.
15
Calculate the greatest common factor of 45 and 49095.
45
Calculate the highest common divisor of 1328 and 43326.
166
What is the greatest common factor of 16874 and 598378?
1298
Calculate the greatest common factor of 60 and 300540.
60
What is the highest common factor of 2115 and 179070?
705
Calculate the greatest common divisor of 380 and 120251.
19
What is the highest common divisor of 7364 and 154?
14
What is the greatest common factor of 24926 and 1452?
242
What is the highest common factor of 23958 and 4950?
198
Calculate the greatest common divisor of 7 and 297437.
7
Calculate the greatest common factor of 1612 and 2108.
124
Calculate the greatest common factor of 39370 and 762.
254
What is the highest common factor of 185 and 4252595?
185
What is the greatest common factor of 9760 and 2880?
160
Calculate the highest common divisor of 596 and 4023.
149
What is the greatest common factor of 5263 and 475?
19
Calculate the highest common divisor of 260136 and 144.
72
What is the highest common factor of 482 and 30848?
482
Calculate the greatest common divisor of 33 and 111837.
33
What is the highest common factor of 363774 and 114?
114
What is the greatest common factor of 503715 and 15?
15
What is the highest common divisor of 103 and 317?
1
What is the highest common divisor of 155 and 2665?
5
What is the highest common divisor of 3749367 and 51?
51
Calculate the highest common factor of 1554 and 1267.
7
What is the greatest common factor of 2856 and 44880?
408
Calculate the greatest common divisor of 5315 and 110.
5
What is the greatest common factor of 9229 and 55?
11
What is the highest common factor of 46077 and 39?
3
Calculate the highest common divisor of 8 and 10313.
1
Calculate the greatest common divisor of 12 and 245792.
4
What is the highest common factor of 27945 and 8303?
23
What is the greatest common divisor of 94 and 81827?
47
Calculate the highest common factor of 221825 and 950.
475
What is the greatest common divisor of 676 and 76?
4
What is the highest common factor of 33459 and 627?
57
Calculate the greatest common factor of 148 and 335183.
37
Calculate the greatest common divisor of 13 and 1608581.
13
What is the greatest common divisor of 1857792 and 288?
96
Calculate the highest common divisor of 25 and 117075.
25
Calculate the greatest common factor of 321 and 4587.
3
What is the highest common divisor of 11450 and 400?
50
What is the highest common factor of 173958 and 948?
474
Calculate the greatest common divisor of 1232607 and 157.
157
Calculate the highest common factor of 211923 and 6680.
167
Calculate the highest common factor of 153 and 14805.
9
What is the greatest common factor of 20 and 348750?
10
What is the greatest common divisor of 1026048 and 80?
16
What is the highest common factor of 3026 and 17714?
34
Calculate the greatest common factor of 4208 and 288.
16
Calculate the greatest common divisor of 350019 and 9.
9
What is the greatest common divisor of 87 and 90393?
87
What is the highest common fa